{"id":1228,"date":"2017-01-13T07:22:16","date_gmt":"2017-01-13T06:22:16","guid":{"rendered":"http:\/\/www.rv37.fr\/?page_id=1228"},"modified":"2024-12-10T07:24:26","modified_gmt":"2024-12-10T06:24:26","slug":"contact","status":"publish","type":"page","link":"http:\/\/www.rv37.fr\/?page_id=1228","title":{"rendered":"Contact"},"content":{"rendered":"<div style=\"background-repeat: no-repeat;\"><p>En application de la loi n\u00b0 2004-575 du 21 juin 2004 pour la confiance dans l\u2019\u00e9conomie num\u00e9rique, nous vous communiquons les informations suivantes :<\/p>\n<p><strong>Editeur du site :<img loading=\"lazy\" decoding=\"async\" class=\"alignright wp-image-1237\" src=\"http:\/\/www.rv37.fr\/wp-content\/uploads\/2017\/01\/carnet001-211x300.jpg\" alt=\"\" width=\"336\" height=\"478\" srcset=\"http:\/\/www.rv37.fr\/wp-content\/uploads\/2017\/01\/carnet001-211x300.jpg 211w, http:\/\/www.rv37.fr\/wp-content\/uploads\/2017\/01\/carnet001-768x1094.jpg 768w, http:\/\/www.rv37.fr\/wp-content\/uploads\/2017\/01\/carnet001-719x1024.jpg 719w, http:\/\/www.rv37.fr\/wp-content\/uploads\/2017\/01\/carnet001.jpg 855w\" sizes=\"auto, (max-width: 336px) 100vw, 336px\" \/><\/strong> Responsables de publication : Yves Pharipou et Marc Schrevel<\/p>\n<p><strong>H\u00e9bergeur :<\/strong><\/p>\n<p><strong>OVH<\/strong><\/p>\n<p>2 rue Kellermann &#8211; 59100 Roubaix &#8211; France<\/p>\n<p>T\u00e9l\u00e9phone: 0 820 32 03 63 ou 09 72 34 76 41<\/p>\n<p>Fax : 09 72 36 89 12<\/p>\n<p><a href=\"http:\/\/www.ovh.com\" target=\"_blank\" rel=\"noopener\">site<\/a><\/p>\n<p><strong>Mentions l\u00e9gales:<\/strong><\/p>\n<ul>\n<li>Les commentaires que l\u2019on peut trouver au pied des billets refl\u00e8tent uniquement l\u2019avis de leurs auteurs.<\/li>\n<li>Les commentaires sont mod\u00e9r\u00e9s a priori.<\/li>\n<li>Si les textes originaux d&#8217;Henri Andr\u00e9 contenus dans les carnets et disponibles sur ce site sont dans le domaine public, il vous est demand\u00e9, afin de respecter le travail accompli par les auteurs du site et notamment la retranscription des textes, d&#8217;obtenir notre autorisation et de mentionner leur origine pour toute diffusion, m\u00eame partielle,&nbsp;de textes et photos \u00e9dit\u00e9s sur ce site.<\/li>\n<\/ul>\n<p><strong>Pour nous \u00e9crire:<\/strong><\/p>\n<p>Vous souhaitez apporter votre pierre au moulin: des pr\u00e9cisons sur un personnage, un lieu, etc, nous proposer une correction du texte, nous fournir un document \u00e9crit ou une image pour agr\u00e9menter et compl\u00e9ter un passage&#8230;.. alors, \u00e9crivez-nous.<\/p>\n<p><span style=\"color: #000080;\"><b>Cliquez sur le facteur&nbsp;ou remplissez le <\/b><b>formulaire suivant pour me contacter.<\/b><\/span><\/p>\n<table style=\"height: 290px;\" width=\"623\">\n<tbody>\n<tr>\n<td style=\"width: 176.24px; text-align: left; vertical-align: top;\"><a href=\"mailto:contact@rv37.fr\"><img loading=\"lazy\" decoding=\"async\" class=\"alignleft wp-image-1234\" src=\"http:\/\/www.rv37.fr\/wp-content\/uploads\/2017\/01\/Facteur-223x300.jpg\" width=\"259\" height=\"348\" srcset=\"http:\/\/www.rv37.fr\/wp-content\/uploads\/2017\/01\/Facteur-223x300.jpg 223w, http:\/\/www.rv37.fr\/wp-content\/uploads\/2017\/01\/Facteur.jpg 320w\" sizes=\"auto, (max-width: 259px) 100vw, 259px\" \/><\/a><\/td>\n<td style=\"width: 383.76px; text-align: left;\">\n<div class=\"wpcf7 no-js\" id=\"wpcf7-f2777-o1\" lang=\"fr-FR\" dir=\"ltr\" data-wpcf7-id=\"2777\">\n<div class=\"screen-reader-response\"><p role=\"status\" aria-live=\"polite\" aria-atomic=\"true\"><\/p> <ul><\/ul><\/div>\n<form action=\"\/index.php?rest_route=%2Fwp%2Fv2%2Fpages%2F1228#wpcf7-f2777-o1\" method=\"post\" class=\"wpcf7-form init\" aria-label=\"Formulaire de contact\" novalidate=\"novalidate\" data-status=\"init\">\n<div style=\"display: none;\">\n<input type=\"hidden\" name=\"_wpcf7\" value=\"2777\" \/>\n<input type=\"hidden\" name=\"_wpcf7_version\" value=\"6.0.1\" \/>\n<input type=\"hidden\" name=\"_wpcf7_locale\" value=\"fr_FR\" \/>\n<input type=\"hidden\" name=\"_wpcf7_unit_tag\" value=\"wpcf7-f2777-o1\" \/>\n<input type=\"hidden\" name=\"_wpcf7_container_post\" value=\"0\" \/>\n<input type=\"hidden\" name=\"_wpcf7_posted_data_hash\" value=\"\" \/>\n<\/div>\n<p><label> Votre nom (obligatoire)<br \/>\n<span class=\"wpcf7-form-control-wrap\" data-name=\"your-name\"><input size=\"40\" maxlength=\"400\" class=\"wpcf7-form-control wpcf7-text wpcf7-validates-as-required\" aria-required=\"true\" aria-invalid=\"false\" value=\"\" type=\"text\" name=\"your-name\" \/><\/span> <\/label>\n<\/p>\n<p><label> Votre adresse de messagerie (obligatoire)<br \/>\n<span class=\"wpcf7-form-control-wrap\" data-name=\"your-email\"><input size=\"40\" maxlength=\"400\" class=\"wpcf7-form-control wpcf7-email wpcf7-validates-as-required wpcf7-text wpcf7-validates-as-email\" aria-required=\"true\" aria-invalid=\"false\" value=\"\" type=\"email\" name=\"your-email\" \/><\/span> <\/label>\n<\/p>\n<p><label> Objet<br \/>\n<span class=\"wpcf7-form-control-wrap\" data-name=\"your-subject\"><input size=\"40\" maxlength=\"400\" class=\"wpcf7-form-control wpcf7-text\" aria-invalid=\"false\" value=\"\" type=\"text\" name=\"your-subject\" \/><\/span> <\/label>\n<\/p>\n<p><label> Votre message<br \/>\n<span class=\"wpcf7-form-control-wrap\" data-name=\"your-message\"><textarea cols=\"40\" rows=\"10\" maxlength=\"2000\" class=\"wpcf7-form-control wpcf7-textarea\" aria-invalid=\"false\" name=\"your-message\"><\/textarea><\/span> <\/label>\n<\/p>\n<p><input type=\"hidden\" name=\"_wpcf7_captcha_challenge_captcha-758\" value=\"4144602454\" \/><img loading=\"lazy\" decoding=\"async\" class=\"wpcf7-form-control wpcf7-captchac wpcf7-captcha-captcha-758\" width=\"72\" height=\"24\" alt=\"captcha\" src=\"http:\/\/www.rv37.fr\/wp-content\/uploads\/wpcf7_captcha\/4144602454.png\" \/> Copier ici -> <span class=\"wpcf7-form-control-wrap\" data-name=\"captcha-758\"><input size=\"6\" maxlength=\"10\" class=\"wpcf7-form-control wpcf7-captchar\" autocomplete=\"off\" aria-invalid=\"false\" value=\"\" type=\"text\" name=\"captcha-758\" \/><\/span> et <input class=\"wpcf7-form-control wpcf7-submit has-spinner\" type=\"submit\" value=\"Envoyer\" \/>\n<\/p><p style=\"display: none !important;\" class=\"akismet-fields-container\" data-prefix=\"_wpcf7_ak_\"><label>&#916;<textarea name=\"_wpcf7_ak_hp_textarea\" cols=\"45\" rows=\"8\" maxlength=\"100\"><\/textarea><\/label><input type=\"hidden\" id=\"ak_js_1\" name=\"_wpcf7_ak_js\" value=\"116\"\/><script>document.getElementById( \"ak_js_1\" ).setAttribute( \"value\", ( new Date() ).getTime() );<\/script><\/p><div class=\"wpcf7-response-output\" aria-hidden=\"true\"><\/div>\n<\/form>\n<\/div>\n<\/td>\n<\/tr>\n<\/tbody>\n<\/table>\n<p><strong><span style=\"color: #000080;\">Si vous souhaitez \u00eatre tenu inform\u00e9 p\u00e9riodiquement des \u00e9volutions du site, inscrivez vous \u00e0 la<\/span> <a href=\"http:\/\/www.rv37.fr\/?page_id=1278\">lettre d&#8217;information<\/a>.<\/strong><\/p>\n<\/div>","protected":false},"excerpt":{"rendered":"<p>En application de la loi n\u00b0 2004-575 du 21 juin 2004 pour la confiance dans l\u2019\u00e9conomie num\u00e9rique, nous vous communiquons les informations suivantes :<\/p>\n<p>Editeur du site : Responsables de publication : Yves Pharipou et Marc Schrevel<\/p>\n<p>H\u00e9bergeur :<\/p>\n<p>OVH<\/p>\n<p>2 rue Kellermann &#8211; 59100 Roubaix &#8211; France<\/p>\n<p>T\u00e9l\u00e9phone: 0 820 32 03 63 ou [&#8230;]<\/p>\n","protected":false},"author":1,"featured_media":0,"parent":0,"menu_order":0,"comment_status":"closed","ping_status":"closed","template":"","meta":{"ngg_post_thumbnail":0,"footnotes":""},"class_list":["post-1228","page","type-page","status-publish","hentry","odd"],"_links":{"self":[{"href":"http:\/\/www.rv37.fr\/index.php?rest_route=\/wp\/v2\/pages\/1228","targetHints":{"allow":["GET"]}}],"collection":[{"href":"http:\/\/www.rv37.fr\/index.php?rest_route=\/wp\/v2\/pages"}],"about":[{"href":"http:\/\/www.rv37.fr\/index.php?rest_route=\/wp\/v2\/types\/page"}],"author":[{"embeddable":true,"href":"http:\/\/www.rv37.fr\/index.php?rest_route=\/wp\/v2\/users\/1"}],"replies":[{"embeddable":true,"href":"http:\/\/www.rv37.fr\/index.php?rest_route=%2Fwp%2Fv2%2Fcomments&post=1228"}],"version-history":[{"count":17,"href":"http:\/\/www.rv37.fr\/index.php?rest_route=\/wp\/v2\/pages\/1228\/revisions"}],"predecessor-version":[{"id":6749,"href":"http:\/\/www.rv37.fr\/index.php?rest_route=\/wp\/v2\/pages\/1228\/revisions\/6749"}],"wp:attachment":[{"href":"http:\/\/www.rv37.fr\/index.php?rest_route=%2Fwp%2Fv2%2Fmedia&parent=1228"}],"curies":[{"name":"wp","href":"https:\/\/api.w.org\/{rel}","templated":true}]}}