{"id":158,"date":"2016-10-19T16:28:35","date_gmt":"2016-10-19T14:28:35","guid":{"rendered":"http:\/\/www.rv37.fr\/?page_id=158"},"modified":"2017-01-18T11:17:51","modified_gmt":"2017-01-18T10:17:51","slug":"1893-2","status":"publish","type":"page","link":"http:\/\/www.rv37.fr\/?page_id=158","title":{"rendered":"1893"},"content":{"rendered":"<div style=\"background-repeat: no-repeat;\"><p>Redevenu civil \u00e0 plein temps, Henri en profite pour faire de nombreuses balades autour de Paris, le dimanche mais aussi pour les f\u00eates de P\u00e2ques, Pentec\u00f4te et Assomption, les week-ends de l\u2019\u00e9poque. Les rendez-vous ont plut\u00f4t lieu cette ann\u00e9e-l\u00e0 \u00e0 la brasserie l\u2019Esp\u00e9rance et la plupart des randonn\u00e9es se feront en compagnie d\u2019Emile Hardel. Le grand voyage qui devait se faire dans les Pyr\u00e9n\u00e9es en compagnie d\u2019Hardel sera annul\u00e9 pour cause de blessure de ce dernier et Henri partira, seul, retrouver Gondolo qui fait son service en Lorraine., remettant les Pyr\u00e9n\u00e9es \u00e0 plus tard. Henri participera \u00e0 deux sorties organis\u00e9es par le Touring Club de France naissant et il sera sur la bord de la route pour encourager les coureurs du Bordeaux-Paris<\/p>\n<object class=\"vanilla-pdf-embed\" data=\"http:\/wp-content\/uploads\/scans\/1893.pdf#page=1&view=FitH\" type=\"application\/pdf\" width=\"550\" height=\"700\">\n    <p><a href=\"http:\/wp-content\/uploads\/scans\/1893.pdf\">Download the PDF file Carnet de 1892.<\/a><\/p>\n<\/object>\n<p>Acc\u00e8s au document transcrit et mis en page <a class=\"fasc-button fasc-size-medium fasc-type-glossy fasc-rounded-medium fasc-ico-before dashicons-format-aside\" style=\"background-color: #730561; color: #ffffff;\" href=\"\/?page_id=857\" data-fasc-style=\"background-color:#730561;color:#ffffff;\">Lire<\/a><\/p>\n<\/div>","protected":false},"excerpt":{"rendered":"<p>Redevenu civil \u00e0 plein temps, Henri en profite pour faire de nombreuses balades autour de Paris, le dimanche mais aussi pour les f\u00eates de P\u00e2ques, Pentec\u00f4te et Assomption, les week-ends de l\u2019\u00e9poque. Les rendez-vous ont plut\u00f4t lieu cette ann\u00e9e-l\u00e0 \u00e0 la brasserie l\u2019Esp\u00e9rance et la plupart des randonn\u00e9es se feront en compagnie d\u2019Emile Hardel. Le [&#8230;]<\/p>\n","protected":false},"author":1,"featured_media":0,"parent":146,"menu_order":0,"comment_status":"open","ping_status":"closed","template":"","meta":{"ngg_post_thumbnail":0,"footnotes":""},"class_list":["post-158","page","type-page","status-publish","hentry","odd"],"_links":{"self":[{"href":"http:\/\/www.rv37.fr\/index.php?rest_route=\/wp\/v2\/pages\/158","targetHints":{"allow":["GET"]}}],"collection":[{"href":"http:\/\/www.rv37.fr\/index.php?rest_route=\/wp\/v2\/pages"}],"about":[{"href":"http:\/\/www.rv37.fr\/index.php?rest_route=\/wp\/v2\/types\/page"}],"author":[{"embeddable":true,"href":"http:\/\/www.rv37.fr\/index.php?rest_route=\/wp\/v2\/users\/1"}],"replies":[{"embeddable":true,"href":"http:\/\/www.rv37.fr\/index.php?rest_route=%2Fwp%2Fv2%2Fcomments&post=158"}],"version-history":[{"count":3,"href":"http:\/\/www.rv37.fr\/index.php?rest_route=\/wp\/v2\/pages\/158\/revisions"}],"predecessor-version":[{"id":1396,"href":"http:\/\/www.rv37.fr\/index.php?rest_route=\/wp\/v2\/pages\/158\/revisions\/1396"}],"up":[{"embeddable":true,"href":"http:\/\/www.rv37.fr\/index.php?rest_route=\/wp\/v2\/pages\/146"}],"wp:attachment":[{"href":"http:\/\/www.rv37.fr\/index.php?rest_route=%2Fwp%2Fv2%2Fmedia&parent=158"}],"curies":[{"name":"wp","href":"https:\/\/api.w.org\/{rel}","templated":true}]}}