{"id":188,"date":"2016-10-19T18:26:21","date_gmt":"2016-10-19T16:26:21","guid":{"rendered":"http:\/\/www.rv37.fr\/?page_id=188"},"modified":"2018-01-18T16:55:37","modified_gmt":"2018-01-18T15:55:37","slug":"1898-2","status":"publish","type":"page","link":"http:\/\/www.rv37.fr\/?page_id=188","title":{"rendered":"1898"},"content":{"rendered":"<div style=\"background-repeat: no-repeat;\"><p>L\u2019ann\u00e9e cyclotouriste d\u00e9bute \u00e0 P\u00e2ques par 3 jours en Bourgogne en compagnie de Labouije, Belanger, Gondolo et Jeanne. Henri y retrouve ses racines \u2013 il aurait s\u00e9journ\u00e9 \u00e0 Fleury dans sa jeunesse. Peu de sorties au printemps et \u00e0 l\u2019automne. L\u2019ann\u00e9e sera marqu\u00e9e par un long s\u00e9jour en Lorraine&nbsp;; d\u2019abord 28 jours au fort de Bourl\u00e9mont pour sa deuxi\u00e8me p\u00e9riode militaire o\u00f9 il retrouvera un vieil ami, \u00c9mile Hardel, surnomm\u00e9 Schaunard et au cours de laquelle il fera quelques excursions en train. De savoureuses description de la vie militaire. En fin de p\u00e9riode, il partira \u00e0 v\u00e9lo, en compagnie de Schaunard, randonner dans la zone occup\u00e9e de la r\u00e9gion. Contraste saisissant entre la pr\u00e9paration de l\u2019arm\u00e9e allemande d\u2019occupation et nos braves soldats. L\u2019enfer est proche&nbsp;! Le mauvais temps et le manque d\u2019entrainement les obligera \u00e0 interrompre leur p\u00e9riple qi se terminera par la visite de Strasbourg.<\/p>\n<object class=\"vanilla-pdf-embed\" data=\"http:\/wp-content\/uploads\/scans\/1898.pdf#page=1&view=FitH\" type=\"application\/pdf\" width=\"550\" height=\"700\">\n    <p><a href=\"http:\/wp-content\/uploads\/scans\/1898.pdf\">Download the PDF file Carnet de 1889.<\/a><\/p>\n<\/object>\n<p>&nbsp;<\/p>\n<p>Acc\u00e8s au document transcrit et mis en page <a class=\"fasc-button fasc-size-medium fasc-type-glossy fasc-rounded-medium fasc-ico-before dashicons-format-aside\" style=\"background-color: #247edd; color: #ffffff;\" href=\"http:\/\/www.rv37.fr\/?page_id=2606\">Lire<\/a><\/p>\n<p>&nbsp;<\/p>\n<\/div>","protected":false},"excerpt":{"rendered":"<p>L\u2019ann\u00e9e cyclotouriste d\u00e9bute \u00e0 P\u00e2ques par 3 jours en Bourgogne en compagnie de Labouije, Belanger, Gondolo et Jeanne. Henri y retrouve ses racines \u2013 il aurait s\u00e9journ\u00e9 \u00e0 Fleury dans sa jeunesse. Peu de sorties au printemps et \u00e0 l\u2019automne. L\u2019ann\u00e9e sera marqu\u00e9e par un long s\u00e9jour en Lorraine&nbsp;; d\u2019abord 28 jours au fort de [&#8230;]<\/p>\n","protected":false},"author":1,"featured_media":0,"parent":146,"menu_order":0,"comment_status":"open","ping_status":"closed","template":"","meta":{"ngg_post_thumbnail":0,"footnotes":""},"class_list":["post-188","page","type-page","status-publish","hentry","odd"],"_links":{"self":[{"href":"http:\/\/www.rv37.fr\/index.php?rest_route=\/wp\/v2\/pages\/188","targetHints":{"allow":["GET"]}}],"collection":[{"href":"http:\/\/www.rv37.fr\/index.php?rest_route=\/wp\/v2\/pages"}],"about":[{"href":"http:\/\/www.rv37.fr\/index.php?rest_route=\/wp\/v2\/types\/page"}],"author":[{"embeddable":true,"href":"http:\/\/www.rv37.fr\/index.php?rest_route=\/wp\/v2\/users\/1"}],"replies":[{"embeddable":true,"href":"http:\/\/www.rv37.fr\/index.php?rest_route=%2Fwp%2Fv2%2Fcomments&post=188"}],"version-history":[{"count":4,"href":"http:\/\/www.rv37.fr\/index.php?rest_route=\/wp\/v2\/pages\/188\/revisions"}],"predecessor-version":[{"id":2612,"href":"http:\/\/www.rv37.fr\/index.php?rest_route=\/wp\/v2\/pages\/188\/revisions\/2612"}],"up":[{"embeddable":true,"href":"http:\/\/www.rv37.fr\/index.php?rest_route=\/wp\/v2\/pages\/146"}],"wp:attachment":[{"href":"http:\/\/www.rv37.fr\/index.php?rest_route=%2Fwp%2Fv2%2Fmedia&parent=188"}],"curies":[{"name":"wp","href":"https:\/\/api.w.org\/{rel}","templated":true}]}}