{"id":42,"date":"2016-09-22T10:09:28","date_gmt":"2016-09-22T08:09:28","guid":{"rendered":"http:\/\/www.rv37.fr\/?page_id=42"},"modified":"2024-12-10T07:07:50","modified_gmt":"2024-12-10T06:07:50","slug":"auguste-bellanger","status":"publish","type":"page","link":"http:\/\/www.rv37.fr\/?page_id=42","title":{"rendered":"Auguste Bellanger"},"content":{"rendered":"<div style=\"background-repeat: no-repeat;\"><div id=\"attachment_1291\" style=\"width: 210px\" class=\"wp-caption alignright\"><img loading=\"lazy\" decoding=\"async\" aria-describedby=\"caption-attachment-1291\" class=\"wp-image-1291 size-full\" src=\"http:\/\/www.rv37.fr\/wp-content\/uploads\/2016\/09\/bellanger2.jpg\" width=\"200\" height=\"201\" srcset=\"http:\/\/www.rv37.fr\/wp-content\/uploads\/2016\/09\/bellanger2.jpg 200w, http:\/\/www.rv37.fr\/wp-content\/uploads\/2016\/09\/bellanger2-150x150.jpg 150w\" sizes=\"auto, (max-width: 200px) 100vw, 200px\" \/><p id=\"caption-attachment-1291\" class=\"wp-caption-text\">Auguste Bellanger 1896<\/p><\/div>\n<p>Auguste Bellanger&nbsp;est n\u00e9 \u00e0 Villette (Seine-et-Oise) le 19 mars 1862 de parents n\u00e9gociants.<\/p>\n<p>&nbsp;<\/p>\n<p>C&#8217;est probablement \u00e0 Cernay , lieu privil\u00e9gi\u00e9 des balades dominicales des ann\u00e9es 90 qu&#8217;Henri rencontre Auguste Bellanger, alors jeune peintre. Bons vivants et \u00e9pris tous deux de libert\u00e9, ils se lieront d&#8217;une amiti\u00e9 fid\u00e8le qui durera toutes leur vie.<\/p>\n<p>Au moment de l\u2019essor des premi\u00e8res stations baln\u00e9aires il loua \u00e0 Piriac l\u2019une des vieilles demeures de la place de l\u2019\u00c9glise o\u00f9 il vint s\u2019installer avec sa jeune \u00e9pouse Lucie, fille d&#8217;Emmanuel Biagioni (sculpteur). Malgr\u00e9 l\u2019agr\u00e9ment de sa r\u00e9sidence, il fut tr\u00e8s vite attir\u00e9 par La Turballe et y fit construire sa demeure \u00ab&nbsp;Ker Loch&nbsp;\u00bb qui devint vite un havre pour tous les artistes du voisinage et pour ses amis cyclistes Parisiens. Boinet d&#8217;abord puis Henri y seront propri\u00e9taires d&#8217;une maison.<\/p>\n<p>Il consacra sa vie \u00e0 la peinture et \u00e0 la po\u00e9sie mais la plupart de ses \u0153uvres furent d\u00e9truites par les allemands qui occup\u00e8rent sa maison pensant la seconde guerre mondiale.<\/p>\n<p>il mourut le 27 septembre 1933 \u00e0 La Turballe des suites d\u2019une op\u00e9ration. Il est enterr\u00e9 au cimeti\u00e8re de La Turballe et une avenue de cette ville porte son nom.<\/p>\n<p><em>(plus d&#8217;infos sur&nbsp;<a href=\"\/?page_id=777\">Les 3B de la Turballe&nbsp;<\/a>\u00bb de G. Javel).<\/em><\/p>\n<h3>Quelques toiles attribu\u00e9es \u00e0 Auguste et retrouv\u00e9es sur internet<\/h3>\n<table style=\"border-collapse: collapse; width: 100%;\">\n<tbody>\n<tr>\n<td style=\"width: 50%;\"><img loading=\"lazy\" decoding=\"async\" class=\"alignright size-medium wp-image-1544\" src=\"http:\/\/www.rv37.fr\/wp-content\/uploads\/2016\/09\/oeuvre-attribu\u00e9e-\u00e0-Bellanger-300x193.jpg\" alt=\"\" width=\"300\" height=\"193\" srcset=\"http:\/\/www.rv37.fr\/wp-content\/uploads\/2016\/09\/oeuvre-attribu\u00e9e-\u00e0-Bellanger-300x193.jpg 300w, http:\/\/www.rv37.fr\/wp-content\/uploads\/2016\/09\/oeuvre-attribu\u00e9e-\u00e0-Bellanger-768x493.jpg 768w, http:\/\/www.rv37.fr\/wp-content\/uploads\/2016\/09\/oeuvre-attribu\u00e9e-\u00e0-Bellanger-150x96.jpg 150w, http:\/\/www.rv37.fr\/wp-content\/uploads\/2016\/09\/oeuvre-attribu\u00e9e-\u00e0-Bellanger-400x257.jpg 400w, http:\/\/www.rv37.fr\/wp-content\/uploads\/2016\/09\/oeuvre-attribu\u00e9e-\u00e0-Bellanger.jpg 799w\" sizes=\"auto, (max-width: 300px) 100vw, 300px\" \/><\/p>\n<\/td>\n<td style=\"width: 50%;\"><img loading=\"lazy\" decoding=\"async\" class=\"alignright size-medium wp-image-1545\" src=\"http:\/\/www.rv37.fr\/wp-content\/uploads\/2016\/09\/port-turballe-bellanger-300x225.jpg\" alt=\"\" width=\"300\" height=\"225\" srcset=\"http:\/\/www.rv37.fr\/wp-content\/uploads\/2016\/09\/port-turballe-bellanger-300x225.jpg 300w, http:\/\/www.rv37.fr\/wp-content\/uploads\/2016\/09\/port-turballe-bellanger-150x113.jpg 150w, http:\/\/www.rv37.fr\/wp-content\/uploads\/2016\/09\/port-turballe-bellanger-400x300.jpg 400w, http:\/\/www.rv37.fr\/wp-content\/uploads\/2016\/09\/port-turballe-bellanger.jpg 500w\" sizes=\"auto, (max-width: 300px) 100vw, 300px\" \/><\/td>\n<\/tr>\n<tr>\n<td style=\"width: 50%;\"><img loading=\"lazy\" decoding=\"async\" class=\"wp-image-6730 size-medium alignright\" src=\"http:\/\/www.rv37.fr\/wp-content\/uploads\/2024\/06\/bellanger-devoirs-de-vacances-244x300.jpg\" alt=\"\" width=\"244\" height=\"300\" srcset=\"http:\/\/www.rv37.fr\/wp-content\/uploads\/2024\/06\/bellanger-devoirs-de-vacances-244x300.jpg 244w, http:\/\/www.rv37.fr\/wp-content\/uploads\/2024\/06\/bellanger-devoirs-de-vacances-768x944.jpg 768w, http:\/\/www.rv37.fr\/wp-content\/uploads\/2024\/06\/bellanger-devoirs-de-vacances-833x1024.jpg 833w, http:\/\/www.rv37.fr\/wp-content\/uploads\/2024\/06\/bellanger-devoirs-de-vacances-122x150.jpg 122w, http:\/\/www.rv37.fr\/wp-content\/uploads\/2024\/06\/bellanger-devoirs-de-vacances-400x492.jpg 400w, http:\/\/www.rv37.fr\/wp-content\/uploads\/2024\/06\/bellanger-devoirs-de-vacances.jpg 1041w\" sizes=\"auto, (max-width: 244px) 100vw, 244px\" \/><\/td>\n<td style=\"width: 50%;\"><img loading=\"lazy\" decoding=\"async\" class=\"alignright size-medium wp-image-1542\" src=\"http:\/\/www.rv37.fr\/wp-content\/uploads\/2016\/09\/bellanger-le-cuivre-236x300.jpg\" alt=\"\" width=\"236\" height=\"300\" srcset=\"http:\/\/www.rv37.fr\/wp-content\/uploads\/2016\/09\/bellanger-le-cuivre-236x300.jpg 236w, http:\/\/www.rv37.fr\/wp-content\/uploads\/2016\/09\/bellanger-le-cuivre-118x150.jpg 118w, http:\/\/www.rv37.fr\/wp-content\/uploads\/2016\/09\/bellanger-le-cuivre.jpg 377w\" sizes=\"auto, (max-width: 236px) 100vw, 236px\" \/><\/td>\n<\/tr>\n<\/tbody>\n<\/table>\n<p>Trouv\u00e9e sur le web, toile de 1904. Cette croix se trouve sur la commune de La Turballe \u00e0 l&#8217;intersection de la rue de la Fontaine avec le chemin des Landes et le chemin de Brandu.<\/p>\n<table style=\"border-collapse: collapse; width: 100%;\">\n<tbody>\n<tr>\n<td style=\"width: 50%;\">\n<div id=\"attachment_6705\" style=\"width: 310px\" class=\"wp-caption alignnone\"><a style=\"font-size: 16px;\" href=\"http:\/\/www.rv37.fr\/wp-content\/uploads\/2022\/12\/cfroix-brandu.jpg\" target=\"_blank\" rel=\"noopener noreferrer\"><img loading=\"lazy\" decoding=\"async\" aria-describedby=\"caption-attachment-6705\" class=\"wp-image-6705 size-medium\" src=\"http:\/\/www.rv37.fr\/wp-content\/uploads\/2022\/12\/cfroix-brandu-aujourdhui-300x199.jpg\" alt=\"\" width=\"300\" height=\"199\" srcset=\"http:\/\/www.rv37.fr\/wp-content\/uploads\/2022\/12\/cfroix-brandu-aujourdhui-300x199.jpg 300w, http:\/\/www.rv37.fr\/wp-content\/uploads\/2022\/12\/cfroix-brandu-aujourdhui-768x508.jpg 768w, http:\/\/www.rv37.fr\/wp-content\/uploads\/2022\/12\/cfroix-brandu-aujourdhui-1024x678.jpg 1024w, http:\/\/www.rv37.fr\/wp-content\/uploads\/2022\/12\/cfroix-brandu-aujourdhui-150x99.jpg 150w, http:\/\/www.rv37.fr\/wp-content\/uploads\/2022\/12\/cfroix-brandu-aujourdhui-400x265.jpg 400w, http:\/\/www.rv37.fr\/wp-content\/uploads\/2022\/12\/cfroix-brandu-aujourdhui.jpg 1518w\" sizes=\"auto, (max-width: 300px) 100vw, 300px\" \/><\/a><p id=\"caption-attachment-6705\" class=\"wp-caption-text\">La Croix de Brandu aujourd&#8217;hui<\/p><\/div>\n<\/td>\n<td style=\"width: 50%;\">\n<div id=\"attachment_6704\" style=\"width: 310px\" class=\"wp-caption alignright\"><a href=\"http:\/\/www.rv37.fr\/wp-content\/uploads\/2022\/12\/cfroix-brandu.jpg\" target=\"_blank\" rel=\"noopener noreferrer\"><img loading=\"lazy\" decoding=\"async\" aria-describedby=\"caption-attachment-6704\" class=\"wp-image-6704 size-medium\" src=\"http:\/\/www.rv37.fr\/wp-content\/uploads\/2022\/12\/cfroix-brandu-300x225.jpg\" alt=\"\" width=\"300\" height=\"225\" srcset=\"http:\/\/www.rv37.fr\/wp-content\/uploads\/2022\/12\/cfroix-brandu-300x225.jpg 300w, http:\/\/www.rv37.fr\/wp-content\/uploads\/2022\/12\/cfroix-brandu-768x576.jpg 768w, http:\/\/www.rv37.fr\/wp-content\/uploads\/2022\/12\/cfroix-brandu-1024x768.jpg 1024w, http:\/\/www.rv37.fr\/wp-content\/uploads\/2022\/12\/cfroix-brandu-150x113.jpg 150w, http:\/\/www.rv37.fr\/wp-content\/uploads\/2022\/12\/cfroix-brandu-400x300.jpg 400w, http:\/\/www.rv37.fr\/wp-content\/uploads\/2022\/12\/cfroix-brandu.jpg 1200w\" sizes=\"auto, (max-width: 300px) 100vw, 300px\" \/><\/a><p id=\"caption-attachment-6704\" class=\"wp-caption-text\"><span style=\"font-size: 12pt;\">La Croix de Brandu<\/span><\/p><\/div>\n<\/td>\n<\/tr>\n<\/tbody>\n<\/table>\n<p>&nbsp;<\/p>\n<p>Trouv\u00e9e sur le web (vente sur Artnet), cette toile repr\u00e9sente la Croix de Dr\u00e9zeux \u00e0 Gu\u00e9rande.<\/p>\n<table style=\"border-collapse: collapse; width: 100%;\">\n<tbody>\n<tr>\n<td style=\"width: 50%;\">\n<div id=\"attachment_6745\" style=\"width: 255px\" class=\"wp-caption alignleft\"><img loading=\"lazy\" decoding=\"async\" aria-describedby=\"caption-attachment-6745\" class=\"size-medium wp-image-6745\" src=\"http:\/\/www.rv37.fr\/wp-content\/uploads\/2024\/12\/calvaire-bellanger-245x300.jpg\" alt=\"\" width=\"245\" height=\"300\" srcset=\"http:\/\/www.rv37.fr\/wp-content\/uploads\/2024\/12\/calvaire-bellanger-245x300.jpg 245w, http:\/\/www.rv37.fr\/wp-content\/uploads\/2024\/12\/calvaire-bellanger-768x941.jpg 768w, http:\/\/www.rv37.fr\/wp-content\/uploads\/2024\/12\/calvaire-bellanger-122x150.jpg 122w, http:\/\/www.rv37.fr\/wp-content\/uploads\/2024\/12\/calvaire-bellanger-400x490.jpg 400w, http:\/\/www.rv37.fr\/wp-content\/uploads\/2024\/12\/calvaire-bellanger.jpg 816w\" sizes=\"auto, (max-width: 245px) 100vw, 245px\" \/><p id=\"caption-attachment-6745\" class=\"wp-caption-text\">Croix de Dr\u00e9zieux<\/p><\/div>\n<\/td>\n<td style=\"width: 50%;\">\n<div id=\"attachment_6746\" style=\"width: 410px\" class=\"wp-caption alignnone\"><img loading=\"lazy\" decoding=\"async\" aria-describedby=\"caption-attachment-6746\" class=\"wp-image-6746\" src=\"http:\/\/www.rv37.fr\/wp-content\/uploads\/2024\/12\/croix-de-Drezeux-300x187.jpg\" alt=\"\" width=\"400\" height=\"249\" srcset=\"http:\/\/www.rv37.fr\/wp-content\/uploads\/2024\/12\/croix-de-Drezeux-300x187.jpg 300w, http:\/\/www.rv37.fr\/wp-content\/uploads\/2024\/12\/croix-de-Drezeux-768x478.jpg 768w, http:\/\/www.rv37.fr\/wp-content\/uploads\/2024\/12\/croix-de-Drezeux-150x93.jpg 150w, http:\/\/www.rv37.fr\/wp-content\/uploads\/2024\/12\/croix-de-Drezeux-400x249.jpg 400w, http:\/\/www.rv37.fr\/wp-content\/uploads\/2024\/12\/croix-de-Drezeux.jpg 821w\" sizes=\"auto, (max-width: 400px) 100vw, 400px\" \/><p id=\"caption-attachment-6746\" class=\"wp-caption-text\">Croix de Dr\u00e9zieux aujourd&#8217;hui<\/p><\/div>\n<\/td>\n<\/tr>\n<\/tbody>\n<\/table>\n<p>&nbsp;\u0152uvres retrouv\u00e9es chez quelques amateurs<\/p>\n<p>Comme beaucoup d&#8217;artistes, il fait don de ses \u0153uvres \u00e0 ses amis. Les possesseurs actuels, descendants ou amateurs d&#8217;art nous permettent de les red\u00e9couvrir aujourd&#8217;hui.<\/p>\n<p>&nbsp;<\/p>\n<p><div id=\"attachment_6672\" style=\"width: 372px\" class=\"wp-caption alignleft\"><a href=\"http:\/\/www.rv37.fr\/wp-content\/uploads\/2020\/12\/bellanger-marais-Andr\u00e9.jpg\" target=\"_blank\" rel=\"noopener noreferrer\"><img loading=\"lazy\" decoding=\"async\" aria-describedby=\"caption-attachment-6672\" class=\"wp-image-6672 \" src=\"http:\/\/www.rv37.fr\/wp-content\/uploads\/2020\/12\/bellanger-marais-Andr\u00e9-300x207.jpg\" alt=\"\" width=\"362\" height=\"250\" srcset=\"http:\/\/www.rv37.fr\/wp-content\/uploads\/2020\/12\/bellanger-marais-Andr\u00e9-300x207.jpg 300w, http:\/\/www.rv37.fr\/wp-content\/uploads\/2020\/12\/bellanger-marais-Andr\u00e9-768x530.jpg 768w, http:\/\/www.rv37.fr\/wp-content\/uploads\/2020\/12\/bellanger-marais-Andr\u00e9-1024x706.jpg 1024w, http:\/\/www.rv37.fr\/wp-content\/uploads\/2020\/12\/bellanger-marais-Andr\u00e9-150x103.jpg 150w, http:\/\/www.rv37.fr\/wp-content\/uploads\/2020\/12\/bellanger-marais-Andr\u00e9-400x276.jpg 400w\" sizes=\"auto, (max-width: 362px) 100vw, 362px\" \/><\/a><p id=\"caption-attachment-6672\" class=\"wp-caption-text\">Les marais salant de la Turballe avec signature et envoi, offert \u00e0 Henri par Auguste<\/p><\/div> <div id=\"attachment_2809\" style=\"width: 244px\" class=\"wp-caption alignright\"><img loading=\"lazy\" decoding=\"async\" aria-describedby=\"caption-attachment-2809\" class=\"wp-image-2809 \" src=\"http:\/\/www.rv37.fr\/wp-content\/uploads\/2019\/10\/signature-envoi-300x214.jpg\" alt=\"\" width=\"234\" height=\"167\" srcset=\"http:\/\/www.rv37.fr\/wp-content\/uploads\/2019\/10\/signature-envoi-300x214.jpg 300w, http:\/\/www.rv37.fr\/wp-content\/uploads\/2019\/10\/signature-envoi-768x549.jpg 768w, http:\/\/www.rv37.fr\/wp-content\/uploads\/2019\/10\/signature-envoi-1024x731.jpg 1024w, http:\/\/www.rv37.fr\/wp-content\/uploads\/2019\/10\/signature-envoi-150x107.jpg 150w, http:\/\/www.rv37.fr\/wp-content\/uploads\/2019\/10\/signature-envoi-400x286.jpg 400w\" sizes=\"auto, (max-width: 234px) 100vw, 234px\" \/><p id=\"caption-attachment-2809\" class=\"wp-caption-text\">Merci \u00e0 Jeannine Bernard de m&#8217;avoir fait connaitre cette \u0153uvre.<\/p><\/div><\/p>\n<p>&nbsp;le 14 juillet 1903 Henri \u00e9crit dans son carnet:&nbsp; \u00ab<span style=\"color: #008000;\"><em>Avant d\u00e9jeuner, entr\u00e9e solennelle de ces dames et d\u2019Auguste flanqu\u00e9 de C\u00e9cile, toutes pourvues de fleurs qu\u2019elles m\u2019offrent pour ma f\u00eate. J\u2019embrasse tout le monde ce qui navre Auguste qui n\u2019a pas de pr\u00e9texte pour en faire autant. Je le d\u00e9dommage en le bisant aussi car ce brave ami, reprenant un bouquet d\u00e9j\u00e0 offert, y joint un bon pour une \u00e9tude \u00e0 livrer fin d\u00e9cembre.<\/em><\/span>\u00bb L&#8217;\u00e9tude dont il est fait mention dans ce texte est tr\u00e8s probablement cette repr\u00e9sentation des marais salants de la Turballe sign\u00e9e A Bellanger et avec la mention \u00ab\u00e0 mon ami Henri Andr\u00e9\u00bb dat\u00e9e de 1904 (donc offerte avec un peu de retard!).<\/p>\n<div id=\"attachment_6670\" style=\"width: 282px\" class=\"wp-caption alignright\"><a href=\"http:\/\/www.rv37.fr\/wp-content\/uploads\/2020\/12\/Tableau2-2.jpg\" target=\"_blank\" rel=\"noopener noreferrer\"><img loading=\"lazy\" decoding=\"async\" aria-describedby=\"caption-attachment-6670\" class=\"wp-image-6670\" src=\"http:\/\/www.rv37.fr\/wp-content\/uploads\/2020\/12\/Tableau2-2-233x300.jpg\" alt=\"\" width=\"272\" height=\"350\" srcset=\"http:\/\/www.rv37.fr\/wp-content\/uploads\/2020\/12\/Tableau2-2-233x300.jpg 233w, http:\/\/www.rv37.fr\/wp-content\/uploads\/2020\/12\/Tableau2-2-768x990.jpg 768w, http:\/\/www.rv37.fr\/wp-content\/uploads\/2020\/12\/Tableau2-2-794x1024.jpg 794w, http:\/\/www.rv37.fr\/wp-content\/uploads\/2020\/12\/Tableau2-2-116x150.jpg 116w, http:\/\/www.rv37.fr\/wp-content\/uploads\/2020\/12\/Tableau2-2-400x516.jpg 400w, http:\/\/www.rv37.fr\/wp-content\/uploads\/2020\/12\/Tableau2-2.jpg 1148w\" sizes=\"auto, (max-width: 272px) 100vw, 272px\" \/><\/a><p id=\"caption-attachment-6670\" class=\"wp-caption-text\">Le bureau d&#8217;Henri rue M\u00e9dicis<\/p><\/div>\n<p>&nbsp;<\/p>\n<p>Une autre \u0153uvre de notre ami, repr\u00e9sentant le bureau d&#8217;Henri \u00e0 son (dernier) domicile, rue M\u00e9dicis \u00e0 Paris. Caroline Berger, arri\u00e8re (arri\u00e8re) petite ni\u00e8ce d&#8217;Henri, qui a vu tr\u00f4ner ce tableau toute sa jeunesse dans l&#8217;appartement de ses grands-parents nous permet de le contempler.<\/p>\n<p>&nbsp;<\/p>\n<p>2 \u0153uvres d\u00e9couvertes sur Leboncoin et que <a href=\"mailto:moiseswan44@gmail.com\">Mo\u00efse Philipot<\/a>, antiquaire \u00e0 Nantes nous permet de d\u00e9couvrir.<\/p>\n<div id=\"attachment_6678\" style=\"width: 262px\" class=\"wp-caption alignleft\"><a href=\"http:\/\/www.rv37.fr\/wp-content\/uploads\/2021\/01\/nicol2.jpg\" target=\"_blank\" rel=\"noopener noreferrer\"><img loading=\"lazy\" decoding=\"async\" aria-describedby=\"caption-attachment-6678\" class=\"wp-image-6678\" src=\"http:\/\/www.rv37.fr\/wp-content\/uploads\/2021\/01\/nicol2-225x300.jpg\" alt=\"\" width=\"252\" height=\"336\" srcset=\"http:\/\/www.rv37.fr\/wp-content\/uploads\/2021\/01\/nicol2-225x300.jpg 225w, http:\/\/www.rv37.fr\/wp-content\/uploads\/2021\/01\/nicol2-768x1024.jpg 768w, http:\/\/www.rv37.fr\/wp-content\/uploads\/2021\/01\/nicol2-113x150.jpg 113w, http:\/\/www.rv37.fr\/wp-content\/uploads\/2021\/01\/nicol2-400x533.jpg 400w\" sizes=\"auto, (max-width: 252px) 100vw, 252px\" \/><\/a><p id=\"caption-attachment-6678\" class=\"wp-caption-text\">Charles Nicol<\/p><\/div>\n<p>&nbsp;<\/p>\n<p><img loading=\"lazy\" decoding=\"async\" class=\"wp-image-6681 alignnone\" src=\"http:\/\/www.rv37.fr\/wp-content\/uploads\/2021\/01\/sign-2-300x151.jpg\" alt=\"\" width=\"249\" height=\"125\" srcset=\"http:\/\/www.rv37.fr\/wp-content\/uploads\/2021\/01\/sign-2-300x151.jpg 300w, http:\/\/www.rv37.fr\/wp-content\/uploads\/2021\/01\/sign-2-768x386.jpg 768w, http:\/\/www.rv37.fr\/wp-content\/uploads\/2021\/01\/sign-2-1024x515.jpg 1024w, http:\/\/www.rv37.fr\/wp-content\/uploads\/2021\/01\/sign-2-150x75.jpg 150w, http:\/\/www.rv37.fr\/wp-content\/uploads\/2021\/01\/sign-2-400x201.jpg 400w\" sizes=\"auto, (max-width: 249px) 100vw, 249px\" \/><\/p>\n<p>&nbsp;<\/p>\n<p>Toile repr\u00e9sentant Charles Nicol, cuisinier du restaurant-h\u00f4tel \u00e9ponyme de La Turballe. Lieu incontournable o\u00f9 se retrouvent quotidiennement la bande d&#8217;amis pour l&#8217;ap\u00e9ritif, une partie de manille ou un banquet bien arros\u00e9.&nbsp;<\/p>\n<p>D\u00e9dicace: &#8220;l&#8217;estomac reconnaissant, 1898&#8221;<\/p>\n<p>&nbsp;<\/p>\n<p>&nbsp;<\/p>\n<p>&nbsp;<\/p>\n<div id=\"attachment_6680\" style=\"width: 410px\" class=\"wp-caption alignright\"><a href=\"http:\/\/www.rv37.fr\/wp-content\/uploads\/2021\/01\/port-turballe.jpg\" target=\"_blank\" rel=\"noopener noreferrer\"><img loading=\"lazy\" decoding=\"async\" aria-describedby=\"caption-attachment-6680\" class=\"wp-image-6680\" src=\"http:\/\/www.rv37.fr\/wp-content\/uploads\/2021\/01\/port-turballe-300x177.jpg\" alt=\"\" width=\"400\" height=\"236\" srcset=\"http:\/\/www.rv37.fr\/wp-content\/uploads\/2021\/01\/port-turballe-300x177.jpg 300w, http:\/\/www.rv37.fr\/wp-content\/uploads\/2021\/01\/port-turballe-768x454.jpg 768w, http:\/\/www.rv37.fr\/wp-content\/uploads\/2021\/01\/port-turballe-1024x605.jpg 1024w, http:\/\/www.rv37.fr\/wp-content\/uploads\/2021\/01\/port-turballe-150x89.jpg 150w, http:\/\/www.rv37.fr\/wp-content\/uploads\/2021\/01\/port-turballe-400x237.jpg 400w\" sizes=\"auto, (max-width: 400px) 100vw, 400px\" \/><\/a><p id=\"caption-attachment-6680\" class=\"wp-caption-text\">Port de La Turballe vue de la jet\u00e9e<\/p><\/div>\n<h3><img loading=\"lazy\" decoding=\"async\" class=\"alignright  wp-image-6679\" src=\"http:\/\/www.rv37.fr\/wp-content\/uploads\/2021\/01\/philipot-2-300x110.jpg\" alt=\"\" width=\"256\" height=\"94\" srcset=\"http:\/\/www.rv37.fr\/wp-content\/uploads\/2021\/01\/philipot-2-300x110.jpg 300w, http:\/\/www.rv37.fr\/wp-content\/uploads\/2021\/01\/philipot-2-768x281.jpg 768w, http:\/\/www.rv37.fr\/wp-content\/uploads\/2021\/01\/philipot-2-1024x375.jpg 1024w, http:\/\/www.rv37.fr\/wp-content\/uploads\/2021\/01\/philipot-2-150x55.jpg 150w, http:\/\/www.rv37.fr\/wp-content\/uploads\/2021\/01\/philipot-2-400x147.jpg 400w\" sizes=\"auto, (max-width: 256px) 100vw, 256px\" \/><\/h3>\n<p>Gouache repr\u00e9sentant le port de la Turballe, Offerte \u00e0 Eug\u00e8ne Abot en 1904. Ce personnage n&#8217;est pas mentionn\u00e9 dans les carnets. Cependant, apr\u00e8s recherche g\u00e9n\u00e9alogique, il apparait que Eug\u00e8ne a \u00e9pous\u00e9 en 1904 Eug\u00e9nie Nicol, s\u0153ur du cuisinier Charles Nicol. La d\u00e9dicace, &#8220;de tout c\u0153ur&#8221; semble accr\u00e9diter cette hypoth\u00e8se.&nbsp;<\/p>\n<p>&nbsp;<\/p>\n<p>&nbsp;<\/p>\n<p>&nbsp;<\/p>\n<p>&nbsp;<\/p>\n<div id=\"attachment_6692\" style=\"width: 399px\" class=\"wp-caption alignleft\"><a href=\"http:\/\/www.rv37.fr\/wp-content\/uploads\/2022\/08\/tableau-bellanger-paysage-1024x795.jpg\" target=\"_blank\" rel=\"noopener noreferrer\"><img loading=\"lazy\" decoding=\"async\" aria-describedby=\"caption-attachment-6692\" class=\"wp-image-6692\" src=\"http:\/\/www.rv37.fr\/wp-content\/uploads\/2022\/08\/tableau-bellanger-paysage-1024x795-300x233.jpg\" alt=\"\" width=\"389\" height=\"302\" srcset=\"http:\/\/www.rv37.fr\/wp-content\/uploads\/2022\/08\/tableau-bellanger-paysage-1024x795-300x233.jpg 300w, http:\/\/www.rv37.fr\/wp-content\/uploads\/2022\/08\/tableau-bellanger-paysage-1024x795-768x596.jpg 768w, http:\/\/www.rv37.fr\/wp-content\/uploads\/2022\/08\/tableau-bellanger-paysage-1024x795.jpg 1024w, http:\/\/www.rv37.fr\/wp-content\/uploads\/2022\/08\/tableau-bellanger-paysage-1024x795-150x116.jpg 150w, http:\/\/www.rv37.fr\/wp-content\/uploads\/2022\/08\/tableau-bellanger-paysage-1024x795-400x311.jpg 400w\" sizes=\"auto, (max-width: 389px) 100vw, 389px\" \/><\/a><p id=\"caption-attachment-6692\" class=\"wp-caption-text\">Lieu inconnu!<\/p><\/div>\n<p>&nbsp;<\/p>\n<p>&nbsp;<\/p>\n<p>Trouv\u00e9 sur Leboncoin \u00e0 un prix raisonnable une huile sur toile de 1907 repr\u00e9sentant probablement un paysage de la presqu&#8217;ile de Gu\u00e9rande.&nbsp;<\/p>\n<p><a href=\"http:\/\/www.rv37.fr\/wp-content\/uploads\/2022\/08\/tableau-bellanger-paysage-d\u00e9tail-1024x576.jpg\" target=\"_blank\" rel=\"noopener noreferrer\"><img loading=\"lazy\" decoding=\"async\" class=\"alignright wp-image-6693 size-medium\" src=\"http:\/\/www.rv37.fr\/wp-content\/uploads\/2022\/08\/tableau-bellanger-paysage-d\u00e9tail-1024x576-300x169.jpg\" alt=\"\" width=\"300\" height=\"169\" srcset=\"http:\/\/www.rv37.fr\/wp-content\/uploads\/2022\/08\/tableau-bellanger-paysage-d\u00e9tail-1024x576-300x169.jpg 300w, http:\/\/www.rv37.fr\/wp-content\/uploads\/2022\/08\/tableau-bellanger-paysage-d\u00e9tail-1024x576-768x432.jpg 768w, http:\/\/www.rv37.fr\/wp-content\/uploads\/2022\/08\/tableau-bellanger-paysage-d\u00e9tail-1024x576.jpg 1024w, http:\/\/www.rv37.fr\/wp-content\/uploads\/2022\/08\/tableau-bellanger-paysage-d\u00e9tail-1024x576-150x84.jpg 150w, http:\/\/www.rv37.fr\/wp-content\/uploads\/2022\/08\/tableau-bellanger-paysage-d\u00e9tail-1024x576-400x225.jpg 400w\" sizes=\"auto, (max-width: 300px) 100vw, 300px\" \/><\/a><\/p>\n<p>&nbsp;<\/p>\n<p>Le d\u00e9tail \u00e0 droite repr\u00e9sentant un clocher? carr\u00e9 avec toit \u00e0 deux pentes (clocher \u00e0 b\u00e2ti\u00e8res) pourrait aider \u00e0 la localisation de l&#8217;\u0153uvre. Avis aux amateurs.<\/p>\n<h3>&nbsp;<\/h3>\n<h3>Quelques po\u00e8mes&#8230;<\/h3>\n<object class=\"vanilla-pdf-embed\" data=\"http:\/\/wp-content\/uploads\/documents\/poemes-bellanger.pdf#page=1&view=FitH\" type=\"application\/pdf\" width=\"550\" height=\"700\">\n    <p><a href=\"http:\/\/wp-content\/uploads\/documents\/poemes-bellanger.pdf\">Download the PDF file Po\u00e8mes attribu\u00e9s \u00e0 Auguste Bellanger.<\/a><\/p>\n<\/object>\n<p>&nbsp;<\/p>\n<\/div>","protected":false},"excerpt":{"rendered":"<p id=\"caption-attachment-1291\" class=\"wp-caption-text\">Auguste Bellanger 1896<\/p>\n<p>Auguste Bellanger&nbsp;est n\u00e9 \u00e0 Villette (Seine-et-Oise) le 19 mars 1862 de parents n\u00e9gociants.<\/p>\n<p>&nbsp;<\/p>\n<p>C&#8217;est probablement \u00e0 Cernay , lieu privil\u00e9gi\u00e9 des balades dominicales des ann\u00e9es 90 qu&#8217;Henri rencontre Auguste Bellanger, alors jeune peintre. Bons vivants et \u00e9pris tous deux de libert\u00e9, ils se lieront d&#8217;une amiti\u00e9 fid\u00e8le qui durera [&#8230;]<\/p>\n","protected":false},"author":1,"featured_media":0,"parent":35,"menu_order":0,"comment_status":"open","ping_status":"closed","template":"","meta":{"ngg_post_thumbnail":0,"footnotes":""},"class_list":["post-42","page","type-page","status-publish","hentry","odd"],"_links":{"self":[{"href":"http:\/\/www.rv37.fr\/index.php?rest_route=\/wp\/v2\/pages\/42","targetHints":{"allow":["GET"]}}],"collection":[{"href":"http:\/\/www.rv37.fr\/index.php?rest_route=\/wp\/v2\/pages"}],"about":[{"href":"http:\/\/www.rv37.fr\/index.php?rest_route=\/wp\/v2\/types\/page"}],"author":[{"embeddable":true,"href":"http:\/\/www.rv37.fr\/index.php?rest_route=\/wp\/v2\/users\/1"}],"replies":[{"embeddable":true,"href":"http:\/\/www.rv37.fr\/index.php?rest_route=%2Fwp%2Fv2%2Fcomments&post=42"}],"version-history":[{"count":30,"href":"http:\/\/www.rv37.fr\/index.php?rest_route=\/wp\/v2\/pages\/42\/revisions"}],"predecessor-version":[{"id":6747,"href":"http:\/\/www.rv37.fr\/index.php?rest_route=\/wp\/v2\/pages\/42\/revisions\/6747"}],"up":[{"embeddable":true,"href":"http:\/\/www.rv37.fr\/index.php?rest_route=\/wp\/v2\/pages\/35"}],"wp:attachment":[{"href":"http:\/\/www.rv37.fr\/index.php?rest_route=%2Fwp%2Fv2%2Fmedia&parent=42"}],"curies":[{"name":"wp","href":"https:\/\/api.w.org\/{rel}","templated":true}]}}