{"id":44,"date":"2016-09-22T10:09:50","date_gmt":"2016-09-22T08:09:50","guid":{"rendered":"http:\/\/www.rv37.fr\/?page_id=44"},"modified":"2017-12-08T10:01:01","modified_gmt":"2017-12-08T09:01:01","slug":"firmin-boinet","status":"publish","type":"page","link":"http:\/\/www.rv37.fr\/?page_id=44","title":{"rendered":"Firmin Boinet"},"content":{"rendered":"<p>&nbsp;<\/p>\n<div id=\"attachment_1294\" style=\"width: 210px\" class=\"wp-caption alignright\"><img loading=\"lazy\" decoding=\"async\" aria-describedby=\"caption-attachment-1294\" class=\"size-full wp-image-1294\" src=\"http:\/\/www.rv37.fr\/wp-content\/uploads\/2016\/09\/boinet.jpg\" alt=\"\" width=\"200\" height=\"217\" srcset=\"http:\/\/www.rv37.fr\/wp-content\/uploads\/2016\/09\/boinet.jpg 200w, http:\/\/www.rv37.fr\/wp-content\/uploads\/2016\/09\/boinet-138x150.jpg 138w\" sizes=\"auto, (max-width: 200px) 100vw, 200px\" \/><p id=\"caption-attachment-1294\" class=\"wp-caption-text\">Firmin Boinet 1896<\/p><\/div>\n<p>Firmin Boinet est n\u00e9 le 25 novembre 1854 \u00e0 Rouen. Il s&#8217;est mari\u00e9 en octobre 1892 \u00e0 Paris avec Lucie Tellier et aura (au moins) une fille (mention de son beau fils dans les carnets).<\/p>\n<p>Sa premi\u00e8re apparition dans les carnet est de mai 1896. Il a \u00e9t\u00e9 probablement \u00e9t\u00e9 pr\u00e9sent\u00e9 par Bellanger. A cette \u00e9poque et jusqu&#8217;\u00e0 sa retraite, il travaille \u00e0 la Mairie du 1<sup>er<\/sup> arrondissement de Paris.<\/p>\n<p>Firmin est l&#8217;homme rang\u00e9, affable, r\u00e9serv\u00e9 ET sobre\u00a0du groupe. Tout le contraire de ses joyeux acolytes! C&#8217;est l&#8217;homme des sorties dominicales \u00a0plus que des grands voyages. Il poss\u00e9dera des ann\u00e9es une maison \u00e0 Viry-Ch\u00e2tillon qui sera la destination de nombreux dimanches.<\/p>\n<p>Firmin fera construire une maison, voisine de celle d&#8217;Auguste, \u00e0 la Turballe.<\/p>\n<p><em>(plus d&#8217;infos sur\u00a0<a href=\"\/?page_id=777\">Les 3B de la Turballe\u00a0<\/a>\u00bb de G. Javel).<\/em><\/p>\n","protected":false},"excerpt":{"rendered":"<p>&nbsp;<\/p>\n<p id=\"caption-attachment-1294\" class=\"wp-caption-text\">Firmin Boinet 1896<\/p>\n<p>Firmin Boinet est n\u00e9 le 25 novembre 1854 \u00e0 Rouen. Il s&#8217;est mari\u00e9 en octobre 1892 \u00e0 Paris avec Lucie Tellier et aura (au moins) une fille (mention de son beau fils dans les carnets).<\/p>\n<p>Sa premi\u00e8re apparition dans les carnet est de mai 1896. Il a \u00e9t\u00e9 probablement [&#8230;]<\/p>\n","protected":false},"author":1,"featured_media":0,"parent":35,"menu_order":0,"comment_status":"open","ping_status":"closed","template":"","meta":{"ngg_post_thumbnail":0,"footnotes":""},"class_list":["post-44","page","type-page","status-publish","hentry","odd"],"_links":{"self":[{"href":"http:\/\/www.rv37.fr\/index.php?rest_route=\/wp\/v2\/pages\/44","targetHints":{"allow":["GET"]}}],"collection":[{"href":"http:\/\/www.rv37.fr\/index.php?rest_route=\/wp\/v2\/pages"}],"about":[{"href":"http:\/\/www.rv37.fr\/index.php?rest_route=\/wp\/v2\/types\/page"}],"author":[{"embeddable":true,"href":"http:\/\/www.rv37.fr\/index.php?rest_route=\/wp\/v2\/users\/1"}],"replies":[{"embeddable":true,"href":"http:\/\/www.rv37.fr\/index.php?rest_route=%2Fwp%2Fv2%2Fcomments&post=44"}],"version-history":[{"count":5,"href":"http:\/\/www.rv37.fr\/index.php?rest_route=\/wp\/v2\/pages\/44\/revisions"}],"predecessor-version":[{"id":1298,"href":"http:\/\/www.rv37.fr\/index.php?rest_route=\/wp\/v2\/pages\/44\/revisions\/1298"}],"up":[{"embeddable":true,"href":"http:\/\/www.rv37.fr\/index.php?rest_route=\/wp\/v2\/pages\/35"}],"wp:attachment":[{"href":"http:\/\/www.rv37.fr\/index.php?rest_route=%2Fwp%2Fv2%2Fmedia&parent=44"}],"curies":[{"name":"wp","href":"https:\/\/api.w.org\/{rel}","templated":true}]}}