{"id":48,"date":"2016-09-22T10:11:39","date_gmt":"2016-09-22T08:11:39","guid":{"rendered":"http:\/\/www.rv37.fr\/?page_id=48"},"modified":"2024-03-08T07:48:11","modified_gmt":"2024-03-08T06:48:11","slug":"les-collegues-de-la-banque-offroy","status":"publish","type":"page","link":"http:\/\/www.rv37.fr\/?page_id=48","title":{"rendered":"Les coll\u00e8gues de la banque Offroy"},"content":{"rendered":"<div style=\"background-repeat: no-repeat;\"><p>Pendant les 20 ans du journal d&#8217;Henri, les coll\u00e8gues de la <a href=\"\/?page_id=1576\">banque Offroy <\/a>seront toujours pr\u00e9sents. A croire que tout le personnel, dirigeants compris, pratique la bicyclette! D&#8217;ailleurs une association est cr\u00e9\u00e9e; le V.C.O. V\u00e9lo Club Offroy!<\/p>\n<p><strong>Mr Guiard (P\u00e8re)<\/strong> est cit\u00e9 en 1904 : <span style=\"color: #008000;\"><em>&#8220;Mr Guiard s\u2019initie \u00e0 la science de monter \u00e0 bicyclette sans employer le pav\u00e9 lib\u00e9rateur. Il y r\u00e9ussit tout de suite. Malgr\u00e9 ses 56 ans et la fracture de sa jambe de l\u2019an dernier, il marche \u00e9tonnamment.&#8221;<\/em><\/span><\/p>\n<p><strong><a href=\"http:\/\/www.rv37.fr\/?page_id=2367\">Maxime Guiard<\/a> (voir page)<\/strong><\/p>\n<p><a href=\"\/?page_id=46\"><strong>Fr\u00e9d\u00e9ric Gondolo <\/strong><\/a>(voir page) : a probablement travaill\u00e9 chez Offroy dans sa jeunesse.<\/p>\n<p><strong>Plouvier<\/strong> : (PA 01\/89) Compagnon avec Gondolo du premier grand voyage \u00e0 Gen\u00e8ve en 1889. surnomm\u00e9 \u00ab&nbsp;Boulotard&nbsp;\u00bb le 15\/8\/94.<\/p>\n<p><strong>Paulus :<\/strong> (PA 02\/89) Coll\u00e8gue de bureau,&nbsp; travaille chez Offroy. Il participe avec Gondolo au premier Paris-Brest aller-retour (1200 Km!) en 1891 (sous les dossards 302 et 303) mais ils abandonneront \u00e0 Brest.<\/p>\n<p><strong>Gaston Cornet<\/strong>&nbsp; : (PA 03\/89). Poss\u00e8de une villa au Home-Varaville surnomm\u00e9e par Henri \u00ab&nbsp;Le cale\u00e7on&nbsp;\u00bb. Henri \u00e9crit en 1909 :&#8221;<em><span style=\"color: #008000;\">Le soir je vais au \u00ab&nbsp;Cale\u00e7on&nbsp;\u00bb, nom que j\u2019ai donn\u00e9 \u00e0 la villa Cornet \u00e0 cause de ses rayures bizarres. Elle est parfaitement plac\u00e9e, dominant la mer, et tr\u00e8s bien am\u00e9nag\u00e9e.&#8221;<\/span><\/em><\/p>\n<p><strong>Tixier<\/strong> (PA 5\/93) Initi\u00e9 au v\u00e9lo par Henri, devient membre du V.C.O. Surnomm\u00e9 \u00ab&nbsp;junior&nbsp;\u00bb (30\/5\/94)<\/p>\n<p><strong>Jean Chagrin<\/strong> (PA 12\/5\/95)<\/p>\n<p><strong>Gompertz<\/strong> (PA 30\/6\/95)<\/p>\n<p><strong>Henri Lefrancq<\/strong> (PA 01\/89) : Travaille chez Offroy car Henri le sollicite plusieurs fois par t\u00e9l\u00e9gramme pour qu&#8217;il lui envoie des pi\u00e8ces de v\u00e9lo ou verre de binocle! Dans les derni\u00e8res ann\u00e9es des carnets, Henri se rend souvent chez Lefrancq qui habite Bi\u00e8vres. Photographe amateur lui aussi.<\/p>\n<p><strong>Lallement<\/strong> : cit\u00e9 uniquement en 1889. Surnomm\u00e9 &#8220;Caviar&#8221;!<\/p>\n<p><strong>Dufresnoy<\/strong>, <strong>Schoutter<\/strong> : cit\u00e9s uniquement en 1889<\/p>\n<\/div>","protected":false},"excerpt":{"rendered":"<p>Pendant les 20 ans du journal d&#8217;Henri, les coll\u00e8gues de la banque Offroy seront toujours pr\u00e9sents. A croire que tout le personnel, dirigeants compris, pratique la bicyclette! D&#8217;ailleurs une association est cr\u00e9\u00e9e; le V.C.O. V\u00e9lo Club Offroy!<\/p>\n<p>Mr Guiard (P\u00e8re) est cit\u00e9 en 1904 : &#8220;Mr Guiard s\u2019initie \u00e0 la science de monter \u00e0 bicyclette [&#8230;]<\/p>\n","protected":false},"author":1,"featured_media":0,"parent":14,"menu_order":0,"comment_status":"open","ping_status":"closed","template":"","meta":{"ngg_post_thumbnail":0,"footnotes":""},"class_list":["post-48","page","type-page","status-publish","hentry","odd"],"_links":{"self":[{"href":"http:\/\/www.rv37.fr\/index.php?rest_route=\/wp\/v2\/pages\/48","targetHints":{"allow":["GET"]}}],"collection":[{"href":"http:\/\/www.rv37.fr\/index.php?rest_route=\/wp\/v2\/pages"}],"about":[{"href":"http:\/\/www.rv37.fr\/index.php?rest_route=\/wp\/v2\/types\/page"}],"author":[{"embeddable":true,"href":"http:\/\/www.rv37.fr\/index.php?rest_route=\/wp\/v2\/users\/1"}],"replies":[{"embeddable":true,"href":"http:\/\/www.rv37.fr\/index.php?rest_route=%2Fwp%2Fv2%2Fcomments&post=48"}],"version-history":[{"count":12,"href":"http:\/\/www.rv37.fr\/index.php?rest_route=\/wp\/v2\/pages\/48\/revisions"}],"predecessor-version":[{"id":6728,"href":"http:\/\/www.rv37.fr\/index.php?rest_route=\/wp\/v2\/pages\/48\/revisions\/6728"}],"up":[{"embeddable":true,"href":"http:\/\/www.rv37.fr\/index.php?rest_route=\/wp\/v2\/pages\/14"}],"wp:attachment":[{"href":"http:\/\/www.rv37.fr\/index.php?rest_route=%2Fwp%2Fv2%2Fmedia&parent=48"}],"curies":[{"name":"wp","href":"https:\/\/api.w.org\/{rel}","templated":true}]}}