{"id":92,"date":"2016-09-24T17:31:54","date_gmt":"2016-09-24T15:31:54","guid":{"rendered":"http:\/\/www.rv37.fr\/?page_id=92"},"modified":"2017-01-18T11:15:44","modified_gmt":"2017-01-18T10:15:44","slug":"1889-2","status":"publish","type":"page","link":"http:\/\/www.rv37.fr\/?page_id=92","title":{"rendered":"1889"},"content":{"rendered":"<div style=\"background-repeat: no-repeat;\"><p>C\u2019est le premier carnet des m\u00e9moires v\u00e9locip\u00e9diques d\u2019Henri Andr\u00e9. Henri a 20 ans et il va en fin d\u2019ann\u00e9e partir pour 3 longues ann\u00e9es de service militaire. Il va profiter \u00ab \u00e0 fond \u00bb de ces quelques mois de libert\u00e9 et de jeunesse pour se consacrer \u00e0 sa passion. Le voil\u00e0 parti d\u00e8s janvier sur les routes de la r\u00e9gion parisienne pour de longues balades entre amis, puis pour un long voyage (2 semaines !) vers Gen\u00e8ve et \u00e0 nouveau \u00e0 l\u2019automne, bravant les intemp\u00e9ries, dans la campagne francilienne. Les amis sont l\u00e0, compagnons d\u2019une sortie ou amis de toujours : Cornet et Paulus, les coll\u00e8gues de bureau \u00e0 la banque Offroy, Gondolo, un grand copain (il sera avec Cornet t\u00e9moin de son mariage en 1918), l\u2019\u00e9ternel retardataire et puis Schoutter, Dufresnoy, Ploutier, Lefrancq, Lallement\u2026<br \/>\n C\u2019est une oeuvre de jeunesse mais d\u00e9j\u00e0 s\u2019amorce le style qu\u2019on retrouvera les ann\u00e9es suivantes. Le texte, plut\u00f4t descriptif au d\u00e9but s\u2019enrichi d\u2019anecdotes pittoresques qui permettent de d\u00e9couvrir la France et le mode de vie de l\u2019\u00e9poque. L\u2019humour, d\u00e9capant, appara\u00eet aussi quand il s\u2019agit de d\u00e9peindre ses contemporains ou leurs comportements.<br \/>\n En route pour 20 ans d\u2019histoire de France et du cyclisme.<\/p>\n<object class=\"vanilla-pdf-embed\" data=\"http:\/wp-content\/uploads\/scans\/1889.pdf#page=1&view=FitH\" type=\"application\/pdf\" width=\"550\" height=\"700\">\n    <p><a href=\"http:\/wp-content\/uploads\/scans\/1889.pdf\">Download the PDF file Carnet de 1889.<\/a><\/p>\n<\/object>\n<p>Acc\u00e8s au document transcrit et mis en page <a class=\"fasc-button fasc-size-medium fasc-type-glossy fasc-rounded-medium fasc-ico-before dashicons-format-aside\" style=\"background-color: #730561; color: #ffffff;\" href=\"\/?page_id=601\" data-fasc-style=\"background-color:#730561;color:#ffffff;\">Lire<\/a><\/p>\n<p>&nbsp;<\/p>\n<\/div>","protected":false},"excerpt":{"rendered":"<p>C\u2019est le premier carnet des m\u00e9moires v\u00e9locip\u00e9diques d\u2019Henri Andr\u00e9. Henri a 20 ans et il va en fin d\u2019ann\u00e9e partir pour 3 longues ann\u00e9es de service militaire. Il va profiter \u00ab \u00e0 fond \u00bb de ces quelques mois de libert\u00e9 et de jeunesse pour se consacrer \u00e0 sa passion. Le voil\u00e0 parti d\u00e8s janvier sur [&#8230;]<\/p>\n","protected":false},"author":1,"featured_media":0,"parent":146,"menu_order":0,"comment_status":"open","ping_status":"closed","template":"","meta":{"ngg_post_thumbnail":0,"footnotes":""},"class_list":["post-92","page","type-page","status-publish","hentry","odd"],"_links":{"self":[{"href":"http:\/\/www.rv37.fr\/index.php?rest_route=\/wp\/v2\/pages\/92","targetHints":{"allow":["GET"]}}],"collection":[{"href":"http:\/\/www.rv37.fr\/index.php?rest_route=\/wp\/v2\/pages"}],"about":[{"href":"http:\/\/www.rv37.fr\/index.php?rest_route=\/wp\/v2\/types\/page"}],"author":[{"embeddable":true,"href":"http:\/\/www.rv37.fr\/index.php?rest_route=\/wp\/v2\/users\/1"}],"replies":[{"embeddable":true,"href":"http:\/\/www.rv37.fr\/index.php?rest_route=%2Fwp%2Fv2%2Fcomments&post=92"}],"version-history":[{"count":5,"href":"http:\/\/www.rv37.fr\/index.php?rest_route=\/wp\/v2\/pages\/92\/revisions"}],"predecessor-version":[{"id":3858,"href":"http:\/\/www.rv37.fr\/index.php?rest_route=\/wp\/v2\/pages\/92\/revisions\/3858"}],"up":[{"embeddable":true,"href":"http:\/\/www.rv37.fr\/index.php?rest_route=\/wp\/v2\/pages\/146"}],"wp:attachment":[{"href":"http:\/\/www.rv37.fr\/index.php?rest_route=%2Fwp%2Fv2%2Fmedia&parent=92"}],"curies":[{"name":"wp","href":"https:\/\/api.w.org\/{rel}","templated":true}]}}